base 2) in base 15?
13
What is 0 (base 8) in base 13?
0
0 (base 15) to base 13
0
What is -a4 (base 13) in base 7?
-251
What is 27 (base 12) in base 14?
23
100001 (base 2) to base 10
33
Convert 1 (base 6) to base 5.
1
2 (base 12) to base 4
2
Convert -3 (base 16) to base 14.
-3
What is 141 (base 5) in base 10?
46
Convert 2 (base 14) to base 12.
2
What is -bc (base 16) in base 8?
-274
What is 1 (base 2) in base 11?
1
Convert -12 (base 14) to base 8.
-20
What is -112 (base 11) in base 10?
-134
What is -2 (base 9) in base 14?
-2
-12 (base 5) to base 10
-7
Convert -423 (base 5) to base 14.
-81
Convert -12 (base 3) to base 14.
-5
27 (base 9) to base 8
31
Convert -111 (base 5) to base 14.
-23
-256 (base 7) to base 10
-139
-a1 (base 11) to base 8
-157
Convert 11 (base 9) to base 6.
14
-25 (base 15) to base 13
-29
Convert -41 (base 10) to base 5.
-131
Convert 0 (base 15) to base 14.
0
What is -16 (base 14) in base 9?
-22
What is -1 (base 3) in base 13?
-1
Convert -1 (base 11) to base 6.
-1
Convert -4 (base 15) to base 3.
-11
What is 1 (base 6) in base 15?
1
Convert 21 (base 5) to base 4.
23
-ae (base 15) to base 6
-432
3 (base 15) to base 16
3
What is 7a (base 12) in base 5?
334
What is 38 (base 16) in base 5?
211
What is -1 (base 4) in base 3?
-1
What is 4 (base 6) in base 14?
4
-11 (base 2) to base 6
-3
1332 (base 4) to base 3
11200
Convert -55 (base 8) to base 3.
-1200
Convert a (base 15) to base 12.
a
Convert 46 (base 13) to base 6.
134
Convert 22 (base 9) to base 4.
110
Convert 6 (base 16) to base 5.
11
4 (base 15) to base 9
4
-1 (base 3) to base 16
-1
Convert -2140 (base 5) to base 4.
-10213
What is 1d6 (base 14) in base 5?
3014
-31 (base 16) to base 13
-3a
a (base 15) to base 11
a
What is 100 (base 10) in base 4?
1210
Convert -16 (base 11) to base 15.
-12
What is 0 (base 5) in base 3?
0
Convert -220 (base 4) to base 10.
-40
-7 (base 15) to base 12
-7
What is -125 (base 6) in base 10?
-53
What is 20 (base 5) in base 7?
13
Convert ba (base 13) to base 7.
306
152 (base 9) to base 15
88
What is -5 (base 12) in base 5?
-10
What is -46 (base 9) in base 2?
-101010
What is -1 (base 3) in base 14?
-1
Convert -1 (base 6) to base 9.
-1
-3 (base 8) to base 16
-3
What is -1 (base 11) in base 13?
-1
What is 26 (base 8) in base 5?
42
What is 1 (base 4) in base 6?
1
What is 25 (base 13) in base 8?
37
-5 (base 14) to base 11
-5
16 (base 13) to base 6
31
What is 2 (base 7) in base 3?
2
What is 1 (base 13) in base 5?
1
What is -3 (base 6) in base 2?
-11
What is 1 (base 11) in base 6?
1
Convert -26 (base 14) to base 11.
-31
What is -11 (base 7) in base 12?
-8
112 (base 3) to base 16
e
Convert -3 (base 8) to base 6.
-3
111010 (base 3) to base 16
162
10 (base 4) to base 11
4
What is 14 (base 6) in base 2?
1010
What is -92 (base 12) in base 6?
-302
Convert 17a (base 13) to base 12.
1a6
2d (base 16) to base 7
63
-7 (base 8) to base 10
-7
-4 (base 8) to base 3
-11
-431 (base 6) to base 15
-ad
What is -7 (base 10) in base 3?
-21
Convert -10 (base 6) to base 15.
-6
What is 12 (base 5) in base 9?
7
What is -7 (base 14) in base 12?
-7
Convert 300 (base 4) to base 14.
36
What is -b (base 15) in base 4?
-23
Convert 38 (base 15) to base 3.
1222
What is 1b (base 13) in base 8?
30
Convert 100 (base 4) to base 11.
15
What is -2 (base 7) in base 9?
-2
Convert -11022 (base 3) to base 15.
-7b
-2 (base 10) to base 15
-2
-65 (base 15) to base 3
-10112
What is 18a (base 15) in base 13?
214
Convert -1 (base 9) to base 6.
-1
Convert 48 (base 10) to base 16.
30
Convert 2 (base 3) to base 13.
2
What is -14 (base 14) in base 9?
-20
Convert 13 (base 16) to base 5.
34
Convert 2 (base 12) to base 15.
2
What is 1 (base 3) in base 13?
1
Convert -1102 (base 4) to base 13.
-64
What is 12001 (base 3) in base 4?
2020
What is 234 (base 5) in base 13?
54
What is 2a (base 12) in base 3?
1021
What is -1 (base 3) in base 8?
-1
Convert -2 (base 9) to base 12.
-2
Convert 20 (base 15) to base 14.
22
1c (base 14) to base 7
35
-38 (base 15) to base 14
-3b
20 (base 8) to base 3
121
Convert 112 (base 3) to base 12.
12
What is -512 (base 6) in base 9?
-228
Convert 100011101 (base 2) to base 7.
555
What is -2 (base 16) in base 9?
-2
Convert -6 (base 12) to base 8.
-6
Convert 2 (base 4) to base 15.
2
Convert -5 (base 9) to base 11.
-5
4 (base 16) to base 12
4
What is 44 (base 12) in base 9?
57
Convert 4 (base 9) to base 11.
4
What is -1 (base 2) in base 11?
-1
Convert -1 (base 5) to base 12.
-1
What is -12 (base 5) in base 2?
-111
What is -114 (base 5) in base 6?
-54
What is 1 (base 6) in base 3?
1
Convert 42 (base 7) to base 15.
20
2 (base 8) to base 2
10
1 (base 13) to base 15
1
What is -121 (base 9) in base 6?
-244
Convert -28 (base 11) to base 12.
-26
Convert 213 (base 4) to base 2.
100111
What is -100 (base 2) in base 16?
-4
-19 (base 14) to base 11
-21
-47 (base 12) to base 16
-37
Convert -7 (base 15) to base 12.
-7
-100100 (base 2) to base 7
-51
Convert 77 (base 12) to base 6.
231
What is 242 (base 6) in base 10?
98
Convert -2 (base 16) to base 9.
-2
What is 5 (base 15) in base 14?
5
-1 (base 6) to base 11
-1
-38 (base 10) to base 15
-28
200 (base 5) to base 8
62
What is -2 (base 6) in base 11?
-2
-6 (base 11) to base 4
-12
-f (base 16) to base 7
-21
-1011 (base 3) to base 4
-133
60 (base 11) to base 10
66
24 (base 15) to base 3
1021
-2 (base 16) to base 10
-2
Convert -13 (base 4) to base 11.
-7
What is 2 (base 3) in base 8?
2
-2 (base 9) to base 12
-2
38 (base 9) to base 3
1022
-6 (base 12) to base 6
-10
15 (base 13) to base 3
200
-16 (base 15) to base 5
-41
0 (base 4) to base 8
0
What is 12 (base 4) in base 2?
110
-1300 (base 4) to base 3
-11011
19 (base 13) to base 10
22
-12 (base 4) to base 7
-6
Convert 14 (base 15) to base 11.
18
-333 (base 5) to base 7
-162
175 (base 9) to base 7
302
Convert 0 (base 13) to base 4.
0
10 (base 3) to base 14
3
What is 5a (base 12) in base 7?
130
What is 27 (base 15) in base 5?
122
Convert -3 (base 6) to base 16.
-3
What is 31 (base 4) in base 10?
13
Convert 6 (base 15) to base 12.
6
Convert -9 (base 15) to base 11.
-9
What is 5 (base 11) in base 14?
5
What is 27 (base 12) in base 7?
43
What is -4 (base 11) in base 16?
-4
What is -134 (base 7) in base 6?
-202
What is 140 (base 5) in base 3?
1200
Convert 0 (base 10) to base 9.
0
Convert 1 (base 10) to base 15.
1
c1 (base 15) to base 5
1211
73 (base 15) to base 3
11000
What is 109 (base 13) in base 14?
ca
What is -266 (base 7) in base 2?
-10010010
Convert 38 (base 12) to base 13.
35
Convert 1 (base 5) to base 8.
1
What is 22 (base 10) in base 11?
20
What is 11 (base 11) in base 16?
c
0 (base 5) to base 4
0
-333 (base 6) to base 11
-108
Convert -1120 (base 5) to base 15.
-aa
-3 (base 6) to base 11
-3
-b (base 14) to base 16
-b
97 (base 10) to base 9
117
21 (base 11) to base 6
35
-111 (base 6) to base 8
-53
Convert 10 (base 13) to base 12.
11
a5 (base 16) to base 5
1130
What is -5 (base 14) in base 15?
-5
0 (base 8) to base 9
0
What is -6 (base 15) in base 13?
-6
Convert -a5 (base 14) to base 9.
-171
What is -21 (base 3) in base 11?
-7
What is 41 (base 8) in base 10?
33
Convert -4 (base 5) to base 4.
-10
-542 (base 6) to base 12
-152
What is 35 (base 8) in base 16?
1d
-12 (base 5) to base 8
-7
Convert -56 (base 14) to base 5.
-301
7 (base 14) to base 5
12
Convert 1a (base 11) to base 14.
17
Convert 3 (base 9) to base 4.
3
What is 0 (base 12) in base 16?
0
What is -b (base 15) in base 9?
-12
-147 (base 12) to base 9
-241
What is -1 (base 9) in base 13?
-1
Convert -3 (base 11) to base 3.
-10
3 (base 9) to base 2
11
Convert 200 (base 5) to base 8.
62
What is -244 (base 11) in base 7?
-563
What is 1 (base 4) in base 9?
1
Convert 2b (base 13) to base 6.
101
-41 (base 9) to base 3
-1101
What is 37 (base 8) in base 14?
23
Convert 0 (base 8) to base 16.
0
Convert -4 (base 10) to base 4.
-10
Convert -4a (base 13) to base 8.
-76
What is -3 (base 5) in base 3?
-10
What is -3 (base 8) in base 12?
-3
What is 66 (base 11) in base 6?
200
3 (base 5) to base 13
3
Convert 13 (base 7) to base 2.
1010
Convert 155 (base 11) to base 14.
cd
Convert -13c (base 13) to base 12.
-164
Convert -3 (base 14) to base 5.
-3
-4 (base 7) to base 10
-4
d6 (base 15) to base 9
243
30 (base 5) to base 12
13
Convert -81 (base 14) to base 11.
-a3
What is 4 (base